603. What is z(21)?
6
Let m(r) = 10*r + 33. Calculate m(-15).
-117
Let s(b) = -8*b - 1. Give s(-11).
87
Let b(f) = -4*f**2 - 148*f - 482. Determine b(-4).
46
Let a(x) = 89*x + 1519. What is a(-17)?
6
Let b(s) = 38*s + 318. Calculate b(6).
546
Let s(f) = -33*f - 4. Determine s(1).
-37
Let g(z) = 5*z**2 + 21*z - 251. Give g(-10).
39
Let z(v) = -v**2 - 35*v - 229. Calculate z(-21).
65
Let l(c) = 2*c**2 - 123*c + 846. Determine l(54).
36
Let b(l) = 4*l**2 - 107*l + 167. Calculate b(22).
-251
Let o(w) = w**3 - 14*w**2 + 7*w - 4. Determine o(12).
-208
Let z(g) = 149*g - 10445. Calculate z(70).
-15
Let r(u) = -7*u**3 - 13*u - 40. Give r(-3).
188
Let t(c) = 2*c**2 - 35*c + 98. Give t(9).
-55
Let r(w) = -4*w**2 + 10*w + 14. Determine r(-5).
-136
Let f(p) = 12*p - 96. Give f(5).
-36
Let y(j) = j**3 + 12*j**2 + 104*j + 1714. Calculate y(-14).
-134
Let f(k) = -57*k + 5611. Determine f(98).
25
Let j(l) = 17*l + 158. What is j(-10)?
-12
Let w(j) = -j**3 + 174*j**2 + 7*j - 1261. Calculate w(174).
-43
Let x(b) = b**3 - 2*b**2 - 27*b - 14. Give x(-4).
-2
Let h(i) = -i**3 + 195*i**2 + 193*i + 606. Give h(196).
18
Let t(x) = -182*x + 2375. Give t(13).
9
Let b(g) = -g**3 - g**2 - 3*g - 7. What is b(5)?
-172
Let n(g) = -g**3 + 24*g**2 - 120*g + 14. Give n(16).
142
Let k(g) = -g**3 + 5*g**2 + g + 20. What is k(6)?
-10
Let l(g) = 21*g**3 - 3*g**2 + g + 6. What is l(-2)?
-176
Let k(g) = g**3 - 25*g**2 - 774*g + 1. Determine k(43).
1
Let l(c) = 907*c + 24. Determine l(-1).
-883
Let n(j) = -14*j - 322. What is n(-25)?
28
Let h(u) = -105*u - 476. Give h(-4).
-56
Let j(r) = 3254*r - 130175. Determine j(40).
-15
Let p(i) = -1748*i + 68167. Give p(39).
-5
Let i(z) = -34*z + 175. Determine i(7).
-63
Let g(w) = -5*w - 229. What is g(-44)?
-9
Let j(l) = 1398*l - 88076. Give j(63).
-2
Let z(t) = 2*t**3 - 60*t**2 + 61*t - 77. Determine z(29).
10
Let g(a) = 1399*a + 4194. Calculate g(-3).
-3
Let j(z) = -z**3 - 15*z**2 - 38*z + 6. Give j(-16).
870
Let f(h) = -15*h**3 + 6*h**2 - 61*h + 59. Determine f(1).
-11
Let z(p) = -p**3 + 14*p**2 + 8*p - 277. What is z(13)?
-4
Let z(s) = -4*s**3 + 3*s**2 + 4*s. Calculate z(-1).
3
Let l(y) = 47*y**3 + 23*y**2 - 22*y - 2. Determine l(1).
46
Let o(y) = y**3 - 67*y**2 + 101*y - 2312. Calculate o(66).
-2
Let k(m) = -3*m**2 + 272*m - 2627. Determine k(11).
2
Let d(f) = -2*f**2 - 1156*f + 2. What is d(0)?
2
Let s(a) = -17*a - 337. Give s(-19).
-14
Let x(t) = -46*t + 4809. Calculate x(105).
-21
Let v(u) = -u**3 - 42*u**2 - u - 17. Calculate v(-42).
25
Let k(i) = i**2 - 38*i - 11. Determine k(-11).
528
Let c(w) = 48*w**2 + 73*w - 3. What is c(-2)?
43
Let z(o) = o**3 - 188*o**2 - 437*o + 10827. Calculate z(190).
-3
Let a(k) = k + 62. Calculate a(-5).
57
Let z(c) = 7311*c - 58492. Determine z(8).
-4
Let p(t) = 133*t + 3. Give p(2).
269
Let l(w) = -49*w - 424. Give l(-9).
17
Let c(f) = -198*f - 17198. Calculate c(-87).
28
Let o(s) = -255*s + 15222. Calculate o(60).
-78
Let f(r) = 198*r + 2979. What is f(-15)?
9
Let q(u) = -u**2 + 32*u - 269. Determine q(36).
-413
Let w(h) = 37*h + 426. Determine w(-31).
-721
Let t(k) = -4*k**3 + 5*k**2 + 23*k + 108. Determine t(-5).
618
Let f(k) = 16*k**2 + 7*k + 25. Give f(-3).
148
Let r(j) = 1128*j + 64294. Determine r(-57).
-2
Let y(f) = -f**3 + 6*f**2 + 52*f + 92. What is y(-3)?
17
Let c(n) = n**2 - 213*n + 3866. Determine c(193).
6
Let g(p) = -76*p + 38. Determine g(1).
-38
Let d(p) = -3*p**3 - 93*p**2 + 928*p + 32. Give d(8).
-32
Let y(i) = -2*i + 208. Give y(42).
124
Let g(a) = -14*a - 140. Give g(-8).
-28
Let b(j) = 3*j**3 + 145*j**2 + 91*j + 2166. Calculate b(-48).
102
Let l(y) = -y**3 + 17*y**2 - 74*y + 88. What is l(11)?
0
Let c(f) = -f**3 + 44*f**2 + 354*f - 13912. Calculate c(45).
-7
Let m(v) = 5*v**2 + 889*v + 3358. What is m(-174)?
52
Let y(a) = -69*a**2 + 1591*a - 75. Give y(23).
17
Let o(t) = -3*t**2 + 173*t + 139. Determine o(61).
-471
Let i(c) = 2532*c + 86079. Give i(-34).
-9
Let p(l) = 54*l**3 - 7*l + 6. Determine p(1).
53
Let i(h) = h**2 + 38*h - 1145. What is i(17)?
-210
Let f(y) = y**2 - 4*y - 146. Give f(-9).
-29
Let h(y) = y**3 + 80*y**2 + 1532*y - 189. Calculate h(-48).
3
Let f(d) = d**3 + 15*d**2 + 25*d - 58. Determine f(-12).
74
Let g(l) = 6*l**3 - 40*l**2 + 574*l - 4115. Determine g(7).
1
Let u(b) = 210*b - 226. Give u(1).
-16
Let n(y) = -1111*y - 11112. What is n(-10)?
-2
Let n(x) = x**3 + 5*x**2 - 14*x + 83. Calculate n(-8).
3
Let p(b) = -2*b**2 - 359*b + 1848. What is p(5)?
3
Let c(m) = -m - 132. Give c(-5).
-127
Let j(g) = 27*g + 572. Determine j(-21).
5
Let l(d) = 2*d**3 - 47*d**2 + 52*d + 50. Determine l(22).
-258
Let j(m) = -54*m + 2486. Calculate j(62).
-862
Let c(q) = -52*q**2 - 312*q - 6. Calculate c(-6).
-6
Let u(w) = -1479*w - 16266. What is u(-11)?
3
Let p(z) = -32*z**2 + 4*z - 1. Give p(-3).
-301
Let d(r) = -r**3 + 29*r**2 + 35*r - 98. Calculate d(30).
52
Let f(q) = -2*q**3 + 35*q**2 + 62*q - 1330. Determine f(17).
13
Let u(r) = r**3 + 21*r**2 - 101*r - 12. Calculate u(6).
354
Let f(v) = -7*v**2 - 146*v - 63. Determine f(-20).
57
Let i(s) = s**2 - 23*s + 68. Determine i(4).
-8
Let h(b) = -11*b**2 - 244*b - 10. Determine h(-22).
34
Let a(c) = -5*c**2 + 110*c - 676. Calculate a(9).
-91
Let g(z) = -z**3 - 15*z**2 - 10*z + 117. Give g(-10).
-283
Let r(i) = 64*i**2 - 378*i + 10. Calculate r(6).
46
Let k(u) = -70*u - 320. Give k(13).
-1230
Let p(k) = -20*k + 51. What is p(10)?
-149
Let c(r) = r**2 - 165*r + 313. Give c(163).
-13
Let a(y) = 20*y**2 + 197*y + 297. Determine a(-8).
1
Let j(k) = -271*k - 2737. Determine j(-10).
-27
Let n(v) = v**3 + 16*v**2 + 76*v + 101. Calculate n(-8).
5
Let q(x) = x**2 + 13*x - 116. Give q(-19).
-2
Let x(m) = -m**2 + 15*m + 435. What is x(-12)?
111
Let a(f) = 115*f + 13775. Determine a(-120).
-25
Let q(n) = 315*n - 1261. Calculate q(5).
314
Let g(h) = 10*h**3 + 4738*h**2 - 951*h - 1418. Give g(-474).
4
Let r(h) = -3*h**3 - 269*h**2 - 174*h + 164. Give r(-89).
-192
Let t(v) = 37*v - 1048. Calculate t(30).
62
Let x(d) = -55*d - 4956. What is x(-90)?
-6
Let d(r) = r**3 - 7*r**2 - 16*r - 53. What is d(9)?
-35
Let q(o) = o**3 - 99*o**2 + 291*o - 5. Calculate q(3).
4
Let p(y) = 184*y + 3. Give p(-1).
-181
Let z(s) = 2*s**3 + 54*s**2 + 2*s + 54. Calculate z(-27).
0
Let q(b) = -88*b + 281. Determine q(4).
-71
Let t(o) = -4*o**3 + 2*o**2 - 3*o - 2. Give t(-1).
7
Let h(c) = 227*c + 19. What is h(1)?
246
Let z(p) = -118*p + 7199. Determine z(61).
1
Let d(u) = 59*u + 404. What is d(-6)?
50
Let k(s) = -93*s - 449. Determine k(-7).
202
Let u(o) = -7*o**3 - 80*o**2 - 101*o. What is u(-10)?
10
Let f(i) = 13*i**2 + 375*i + 2170. Calculate f(-8).
2
Let l(d) = -630*d - 3154. What is l(-5)?
-4
Let m(l) = -l**2 + 80*l - 647. What is m(9)?
-8
Let o(y) = y**2 - 29*y + 86. Calculate o(8).
-82
Let k(b) = -b**2 - 3*b - 231. What is k(0)?
-231
Let t(x) = x**2 + 5*x - 392. What is t(16)?
-56
Let h(n) = -2*n**2 + 68*n + 1468. Determine h(49).
-2
Let b(l) = l**2 + 55*l + 444. Give b(-10).
-6
Let a(f) = 21*f + 1304. Calculate a(-65).
-61
Let c(i) = -i**3 + 10*i**2 + 8*i - 4. Calculate c(11).
-37
Let l(b) = -b**2 - 72*b + 1666. What is l(19)?
-63
Let c(s) = s**3 + 50*s**2 + 371*s + 79. Determine c(-41).
-3
Let t(a) = -a**3 + a**2 - 15*a + 8. What is t(2)?
-26
Let t(b) = 965*b + 1863. Determine t(-2).
-67
Let y(g) = -9*g**2 + 102*g + 95. What is y(13)?
-100
Let f(t) = -619*t - 23513. Determine f(-38).
9
Let v(k) = -29*k + 1140. Give v(36).
96
Let v(t) = -2*t**3 - 58*t**2 - 190*t + 243. Determine v(-25).
-7
Let g(w) = -w**3 - 19*w**2 + 150*w - 31. What is g(-25)?
-31
Let g(i) = 7*i**2 - 145*i + 691. Determine g(5).
141
Let p(x) = x**3 + 107*x**2 + 104*x - 210. What is p(-106)?
2
Let v(u) = -u + 14. What is v(-29)?
43
Let v(t) = 4*t**2 + 66*t - 6376. Calculate v(-49).
-6
Let b(z) = -54*z - 895. Give b(-12).
-247
Let k(q) = 2*q**2 + 6*q + 5. What is k(5)?
85
Let x(d) = -163*d**2 + 69*d + 71. Give x(-1).
-161
Let s(j) = 7*j**3 + 5*j**2 - 4*j. Give s(1).
8
Let x(o) = o**3 + 46*o**2 + 201*o - 179. What is x(-41)?
-15
Let p(z) = -121*z - 1325. Give p(-11).
6
Let b(v) = -231*v + 17559. What is b(76)?
3
Let d(b) = -b**3 - 58*b**2 - 216*b - 14. Give d(-54).
-14
Let t(q) = -q**3 + 18*q**2 - 65*q - 10. Give t(5).
-10
Let j(c) = -c**2 - 26*c + 270. Calculate j(-34).
-2
Let i(r) = -r**3 + 42